3 - g*w**2 - 8*w. Determine a(-6).
-2
Let p(r) = -r**3 + 8*r**2 + 9*r + 3. Let l be p(9). Let c be 6/9 + (-11)/l. Let a(h) = h**3 + 2*h**2 - 3*h + 3. Calculate a(c).
3
Let k(d) = -d**3 - d**2 - d - 4. Suppose -2*i - 2 = 5*r, 2*r + 0*r - 3 = 3*i. Let g(w) = -w**2 - 1. Let j be g(0). Let v = i - j. Calculate k(v).
-4
Let r(l) = l**2 + 7*l - 2. Let j(f) = 5*f**2 + 29*f - 8. Let c(n) = -2*j(n) + 9*r(n). Determine c(3).
4
Let x(h) be the third derivative of h**9/60480 - h**8/2880 + h**7/1008 + h**5/30 + 2*h**2. Let i(q) be the third derivative of x(q). Determine i(6).
-6
Let c(k) = -k - 6. Let z be -6 + (-5 - -3 - 1). Let w = -4 - z. Calculate c(w).
-11
Let w(p) = 7 + p + 5 - 14. Let f be 0 - (0 - 0) - -2. What is w(f)?
0
Let m(q) = -q**2 - 6*q - 4. Suppose -5*d - 45 = -5*u, d - 14 = -5*u + 7. Calculate m(d).
4
Let j(c) = -2*c + 0 + 2 + c**3 - 4*c**2 - 1. Calculate j(4).
-7
Let c(n) = -n**2 + 3*n + 2. Let d(t) = 3*t - 5. Let l be d(4). Suppose -2*u - 1 = -l. Give c(u).
2
Let z(a) = a**3 - 1 + 9*a + 890*a**2 - 455*a**2 - 2 - 444*a**2. Let y(v) = 9*v**2 + 2*v + 1. Let p be y(-1). Give z(p).
5
Let p(m) = -12*m - 50. Let l be p(-4). Let a(t) = t**3 + t**2 - 2. Calculate a(l).
-6
Let i be (7 - -3)/(-1*3 - -1). Let x(r) = -3*r - 6. Give x(i).
9
Let j = 13 - 14. Let w(v) = 6*v - 1. Let y(u) = 6*u - 1. Let l(g) = -3*w(g) + 2*y(g). What is l(j)?
7
Let z(l) = l**2 - 2*l - 3. Let x be z(3). Suppose 0 = 3*m - x*m - 6. Let j(o) = 5*o + m - o + 6*o**2 - 4*o**2. Determine j(-2).
2
Let i(z) = -2*z - 2*z + 2 + 1 - 5. Let y(j) = -5*j - 3. Suppose 2*g = g - 3. Let m(h) = g*i(h) + 2*y(h). What is m(-3)?
-6
Let p = 3 - 1. Suppose p*d = 4*b - b + 1, -3*d + 3*b + 6 = 0. Let n(h) = -h**3 + 6*h**2 - 5*h - 5. Calculate n(d).
-5
Let n(h) = h - 4*h + 2 + 2*h. Let f(t) = -6*t + 4. Let r(i) = -2*i + 1. Let m(o) = -4*f(o) + 11*r(o). Let y(g) = 3*m(g) + 8*n(g). Determine y(-1).
3
Let m(y) = y + 9. Let j be m(-8). Let w(t) = -5*t**3 + 2*t - 1. Give w(j).
-4
Let p(g) = 7*g**3 + 5*g - 2. Let y(o) = 7*o**3 + 6*o - 3. Suppose 0 = 5*x - k - 24, -k - 24 = -2*x + 3*k. Let c(h) = x*p(h) - 3*y(h). Give c(-1).
-8
Let z(a) = 4*a**3 + 11*a**2 - 7*a - 5. Let m(f) = -3*f**3 - 10*f**2 + 8*f + 5. Let s(r) = 3*m(r) + 2*z(r). Calculate s(-9).
-4
Let v = 40 - 37. Let c(a) = a**3 - 3*a**2 + 3*a - 3. What is c(v)?
6
Let i(k) be the first derivative of -k**2/2 - 5*k - 5. Determine i(-5).
0
Let p be 4/10 + (-110)/25. Let f(b) = -b**3 - b + 1. Let g(h) = -h**3 + 5*h**2 + 4*h + 8. Let o(r) = 2*f(r) - g(r). Give o(p).
2
Let a(k) be the first derivative of -5*k**2 + k - 4. Give a(-1).
11
Let k(l) = 2*l + 5*l - 14 - 2*l - 4*l. Give k(10).
-4
Let i(m) = -m**3 + 9*m**2 - 9*m + 9. Suppose -5*d + 1 = -9. Suppose -11 - 5 = -d*s. Let r be i(s). Let w(n) = 4*n - 1. What is w(r)?
3
Let h = -19 - -30. Let t = -7 + h. Let m(p) = p**2 + 1 - t*p**2 - 2*p + p**2. Determine m(-3).
-11
Suppose 4*b - 12 = 4, -g + 5 = -2*b. Let h = 8 - g. Let n(t) = -t**3 - 5*t**2 - 2*t - 7. Determine n(h).
3
Let i(n) = n**3 + 3*n**2 - 5*n - 5. Let r be 3/(-9) + (-26)/(-6). Suppose p + 5*y = 16, 2*p - 5*p - 2*y - r = 0. Give i(p).
-1
Let j(b) = b**2 + 4*b + 6. Let r be j(-4). Let m = 27 + -26. Let n(v) = v - 6. Let t(a) = -1. Let c(z) = m*n(z) - 3*t(z). Give c(r).
3
Let h = -6 - -6. Suppose -4 = -4*t - 4*o, -3*t + 3*o + 18 + 9 = h. Let g(p) = 2*p - 4. Calculate g(t).
6
Let x(m) = 5*m**2 + 1. Let o(n) = n**2. Let j(f) = -6*o(f) + x(f). Let g be (-54)/(-14) + (-1)/(-7). Suppose -g*r = -l - 6 - 1, 3*l - 7 = -2*r. Calculate j(r).
-3
Let p(a) = -a**2 - 4*a - 4. Let c(x) = x**3 + 3*x**2 + x + 3. Let f = -4 + 1. Let o be c(f). Let g = -3 + o. What is p(g)?
-1
Suppose -11 - 4 = -5*r. Let p(n) = -r*n + 3*n - 5 + 3 - n**2. What is p(-2)?
-6
Suppose 4*d = 5*v + 5 - 18, 12 = -d + 3*v. Let j(q) = -11*q - 2. Give j(d).
-35
Let b(z) = -2*z - 6. Let l be b(-6). Let q(s) = -24*s + 7 - 18*s + 39*s. Calculate q(l).
-11
Let k(b) = -b**3 - b**2 - b + 7. Let q be k(0). Let s(f) = f + 1. Give s(q).
8
Let j(y) = -y - 1. Let n = 11 - 12. Let q be (n/(-2))/((-3)/36). Determine j(q).
5
Suppose -h + 0 - 2 = 0. Let f = 1 - h. Let w(b) = 3*b + 2*b - 3 - f*b + 2. Determine w(5).
9
Let p(o) = -o**2 + 3. Let k(x) = 2*x**2 - 17*x + 11. Let u be k(8). Give p(u).
-6
Suppose 2*n - 5 - 3 = 0, -4*r = -5*n + 44. Let t = r - -8. Let a(g) = g**3 - 2*g**2 + g + 1. Let f be a(t). Let l(w) = 2*w**2 - 3*w - 3. Give l(f).
6
Suppose 2*o - 45 - 17 = 0. Let p(x) = -30*x + 0 + o*x + 1 - 4*x**2. Calculate p(-1).
-4
Let y(b) = -b**2 + b + 2. Let u be y(2). Let i(w) = -w**2 + w + 6. Give i(u).
6
Let j(q) be the first derivative of 8*q - 1 - 1/2*q**2. Give j(6).
2
Let f(w) = 4*w**2 - 4*w**2 + 7 - 8*w + 14*w + w**2. Determine f(-6).
7
Let p = 0 + -3. Let c = 0 - p. Let a(w) = -w**2 + 2*w + 1. Determine a(c).
-2
Let h(u) = -5*u**3 + 17*u**2 + 8*u + 2. Let s(g) = 6*g**3 - 19*g**2 - 9*g - 2. Let q(p) = 7*h(p) + 6*s(p). Calculate q(-4).
10
Let i(c) = c**2 + c + 0*c - 2 + c**2 + c**3. Let n be (-9)/(-12) - 11/4. Determine i(n).
-4
Let u = 3 - 1. Let m = u - 2. Let o(s) = 0*s**2 + 9 - s**2 - s + 14*s**3 - 15*s**3 + 2*s**2. Calculate o(m).
9
Suppose 5*p + 3*s = 4*s - 25, 10 = -2*p + 4*s. Let r(j) = j**2 + j + 1. Let c(g) = 3*g + 3*g**2 + g - 2 + 5*g + 10. Let h(v) = c(v) - 2*r(v). Determine h(p).
-4
Let b(j) = -4*j**3 + j**2 + 7*j - 3. Let p(y) = -5*y**3 + 2*y**2 + 8*y - 3. Let s(q) = 4*b(q) - 3*p(q). Calculate s(2).
-11
Let y(m) be the third derivative of m**4/24 - m**3/3 - m**2. Let f be 0/(-1 + -1) + -5. Let z = f + 10. Give y(z).
3
Let g(u) = -2*u - 33. Let t be g(-18). Let n(k) be the first derivative of 1/3*k**t + 3 + 1/2*k**2 + k. Give n(-3).
7
Let x(f) = -15*f**3 + 3*f**2 + 9*f + 1. Let p(g) = 7*g**3 - g**2 - 4*g. Let n = 1 + 12. Let b(w) = n*p(w) + 6*x(w). What is b(-5)?
-4
Let z(i) = i**2 - 4*i + 2. Suppose 4*t + c - 5 = 2, -t + 5*c + 7 = 0. Suppose -y = -0*y - t. Give z(y).
-2
Let b be -1*7 - 4/(-2). Let m be 3 + b - (-1 - 9). Let u = -4 + m. Let g(l) = -l**3 + 4*l**2 - 2*l + 2. What is g(u)?
-6
Let j(q) = -15*q**2 - 2. Let t(d) = -7*d**2 - 1. Let r(c) = 6*j(c) - 13*t(c). Give r(3).
10
Suppose 0*d - 20 = -4*d. Suppose 11 = -d*t - 4. Let u(a) = a**2 + a + 1. Let v(q) = -3*q**2 + q - 2. Let r(o) = 4*u(o) + v(o). Calculate r(t).
-4
Let l(t) = t - 6. Let x be l(14). Let g = 3 - x. Let u(j) = j**2 + 3*j - 7. What is u(g)?
3
Let f(q) = q**3 + 7. Let a be (1*-3)/3*-2. Suppose -v = -a, -3*c + 3*v - 11 = -5. Suppose 2*t + 2*t = c. Calculate f(t).
7
Let w(g) be the second derivative of 2*g + 1/6*g**4 + 0*g**3 + 1/2*g**2 + 0. Calculate w(-2).
9
Let w(j) = -9 - 2*j - 1 + j. Let s be w(-10). Let g(a) = -3*a + s*a + 7 + 0 + a. Calculate g(5).
-3
Let r(c) = -c**3 + 5*c**2 + c - 6. Let h = 6 - 1. Let n be r(h). Let u(p) be the first derivative of -p**4/4 + 2*p**3/3 + p**2/2 - 1. Determine u(n).
2
Let u be 3*(2/6 + -1). Let t(c) = c**3 - 2 + 2*c + 2*c - 6*c. What is t(u)?
-6
Let s(z) = -1. Let i(f) = -f + 5. Let p(y) = -4*i(y) - 20*s(y). Determine p(-1).
-4
Suppose 3*w + a + 3*a = 10, 2*w - 10 = -a. Let t(u) = -3*u**2 + u**3 + w*u**2 - u**2. Let q be ((-2)/3)/((-2)/(-6)). Calculate t(q).
0
Let t(o) = 11*o**3 - o**2 + o. Let j(b) = -b**3 + b**2 - 6. Let p be j(0). Let y = -5 - p. Give t(y).
11
Let u(h) be the third derivative of -h**5/60 + h**4/24 - h**2. Let v(d) = -d**2 + 6*d + 7. Let a be v(7). Suppose 0 = 3*j - a - 9. What is u(j)?
-6
Let d = 3 + 4. Let w(x) = 3 - x - d + 1 + 1. What is w(4)?
-6
Let g(i) = 49*i**2 - 13*i - 13. Let w(h) = 8*h**2 - 2*h - 2. Let t(u) = -6*g(u) + 39*w(u). Determine t(-1).
18
Let g(q) = 0 - q**2 + 2 + 0*q**2 - q. Let b(k) = -4*k + 4. Let c be b(1). Calculate g(c).
2
Let z(u) be the third derivative of -u**7/2520 + u**6/120 + 3*u**5/40 - 5*u**4/24 - 2*u**2. Let q(m) be the second derivative of z(m). Give q(7).
2
Suppose 0*h = 3*h. Let l = -5 - -8. Let m(n) = -n + 2*n + l*n**2 + 1 + h*n**2 + n**3 + n. Determine m(-2).
1
Let g(u) = -3*u - 7. Let m(c) = -c - 1. Let r(o) = -g(o) + 4*m(o). What is r(5)?
-2
Suppose 5*j + 4*l = 23, -3 = 4*l - 11. Let v(d) = -d**3 + 3*d**2 + d + 4. Calculate v(j).
7
Let w(b) = 4*b - 1. Let o be 0/(-1) + (5 - 0). Suppose o*h = -2*d + 7, -4*h = 5*d - 3 - 6. Suppose 5*x + 6 = d. Give w(x).
-5
Let p = 9 - 5. Let z(q) = -q**2 + 9*q - 3. What is z(p)?
17